2
Let l be (6 - (2 - -1)) + -2 + 23. What is the highest common divisor of l and 12?
12
Let a be 3/(-5)*(-1 + -4). Suppose 51 - 3 = a*p. Suppose -p + 4 = -3*b. What is the highest common factor of 28 and b?
4
Let p be (-6)/(-15) + 42/(-5). Let j(b) = -b**2 - 11*b + 0*b**2 + 0 + 6. Let g be j(p). What is the greatest common divisor of g and 6?
6
Let o = -120 + 204. What is the highest common divisor of o and 12?
12
Let h(n) = 26*n**3 + n. Let u be h(-1). Let q = -23 + 41. Let c = q - u. Calculate the highest common factor of 18 and c.
9
Let v(w) = w - 4. Let r be v(5). Let g be (1 - -5) + r + 0. Let j = -25 - -74. What is the greatest common divisor of g and j?
7
Suppose 41 = -30*w + 341. Suppose 3*o - 30 = 3*q - 258, -3*q = -4*o - 224. Calculate the highest common factor of w and q.
10
Suppose -95 = -6*i + 31. Calculate the greatest common factor of 14 and i.
7
Let w = 66 + -56. What is the highest common factor of w and 90?
10
Let r = 2 - -2. Let w(p) = p**2 - 3*p + 2. Suppose -3 = g - o - 6, 0 = o. Let u be w(g). Calculate the greatest common factor of r and u.
2
Suppose 7 - 13 = -3*f. What is the greatest common factor of 8 and f?
2
Let r(s) = -s + 4. Let k = 8 - 14. Let c be r(k). Calculate the greatest common divisor of c and 5.
5
Let y(h) be the first derivative of 13*h**2/2 + 10*h + 2. Let d be y(5). What is the highest common factor of d and 15?
15
Suppose 0 = 2*i - 36 + 16. Calculate the highest common factor of i and 160.
10
Let f = 18 + -10. Let g(m) = m**3 - 3*m**2 + 6. Let n be g(5). What is the highest common divisor of f and n?
8
Suppose 2*p - 3*p - 6 = -3*d, -2 = -2*d. Let b be p/9 - (-309)/9. Suppose 4*s + 6*f = 2*f + 348, s - f - 83 = 0. What is the greatest common factor of b and s?
17
Let l(t) be the second derivative of 5*t**3/6 - 7*t**2/2 - 3*t. Let s be l(7). Suppose -5*b + 17 = -18. What is the highest common factor of b and s?
7
Suppose 0 = l - 90 + 85. Let h = -6 - -8. What is the highest common divisor of h and l?
1
Suppose 4*m - 36 = -4*u, -4*u + 6 = -m - m. Suppose 3*t - 208 = -5*q, -u*t + 130 + 128 = -3*q. Calculate the greatest common factor of t and 6.
6
Suppose -g = -5*a - 135, -132 = -5*g + 3*a + 433. Suppose -20 + g = o. Calculate the highest common divisor of o and 10.
10
Let m = 74 + -34. Let x = m - -29. Calculate the highest common factor of x and 46.
23
Suppose -4*x + 2*h - 6 = -2*x, -x + 5*h = 15. Suppose x = -2*t - 1 + 31. What is the greatest common divisor of 45 and t?
15
Suppose -43*p = -42*p - 28. Calculate the highest common divisor of p and 4.
4
Suppose -5*w + 7 = -23. Let l be (-3)/w - (-38)/(-4). Let z be (48/l)/((-2)/10). Calculate the greatest common divisor of 6 and z.
6
Let j(u) = 24*u + 1. Let n be j(-4). Let p = -68 - n. Let b be 1 + (3 - 2) - -1. Calculate the greatest common divisor of p and b.
3
Suppose 8*f + 3 - 19 = 0. What is the greatest common factor of 10 and f?
2
Let t be 0*1*(0 - -1). Suppose t*q + q = 14. Suppose -11*f + 2*f + 630 = 0. What is the greatest common factor of f and q?
14
Let k be 6*2/20 - 1108/(-20). What is the highest common divisor of k and 14?
14
Let a be 2*4 - (3 - 1). Suppose -a*m = -4*m. Suppose m = 3*r - 52 + 16. Calculate the greatest common factor of 48 and r.
12
Suppose -60 = -4*g + 3*g. Suppose 4*a = -0*a + g. Suppose 0 = -2*p + 3*p - a. What is the highest common factor of p and 5?
5
Let q(l) = 2*l**2 + l + 9. Let w = -23 + 16. Let o be q(w). Let u be (6/15)/(2/o). Calculate the highest common factor of 8 and u.
4
Let b = 25 + -48. Let u = b + 41. What is the greatest common divisor of u and 18?
18
Let i = 136 - 73. What is the highest common factor of 7 and i?
7
Suppose 2*n + 32 = 4*n + 4*y, 0 = 3*n - 5*y - 37. Let p = -34 - -64. Let x = 142 - p. What is the highest common divisor of x and n?
14
Let a(u) = -u**2 + 7*u - 3. Let h be 2/8*4 + 4. Let z be a(h). Calculate the greatest common factor of 14 and z.
7
Let x = -77 + 167. What is the highest common factor of 20 and x?
10
Let h be (-8)/36 - (-47)/9. What is the highest common divisor of h and 1?
1
Let d = 33 + -28. Calculate the highest common divisor of d and 1.
1
Let y(p) = -3*p + 36. Let i be y(9). What is the highest common divisor of 24 and i?
3
Suppose -10*h + 13*h - 576 = 0. Suppose 22 = m + 4*u - 14, m + u - 27 = 0. Calculate the greatest common divisor of h and m.
24
Let c(f) = 8*f - 9. Let j(h) = 4*h - 4. Let i(o) = -2*c(o) + 5*j(o). Let a be i(2). Calculate the greatest common factor of 3 and a.
3
Let i be (-120)/25*(-5 - 0). Suppose 5*t = 3*p + 86, -p = -5*p - 8. Calculate the highest common factor of i and t.
8
Let r = 109 - -16. Let g = -23 + 48. Calculate the highest common factor of g and r.
25
Let w be (-9)/((-81)/24)*12. Calculate the greatest common factor of 8 and w.
8
Suppose 6 = -3*m + 4*m. Let s(q) = q**2 - 6*q + 8. Let y be s(m). Calculate the highest common divisor of 8 and y.
8
Suppose 2*s = -5*k - 0*k + 2, -2*k - 16 = -2*s. Suppose 16 - s = h. Calculate the greatest common factor of h and 1.
1
Let w = 133 - 52. What is the greatest common factor of w and 9?
9
Let d be -6*(-1)/6*10. Let t(m) = m**3 + 6*m**2 + 2*m - 5. Let q be t(-5). Calculate the greatest common divisor of d and q.
10
Let k(b) = 16*b + 3. Let d be k(-3). Let h = d + 93. What is the highest common divisor of 12 and h?
12
Suppose 16 = 5*s + 51. Let i(a) = -a + 1. Let u be i(s). Calculate the greatest common factor of u and 24.
8
Suppose y - n = 2*n + 7, 4*n = -20. Let o be (-642)/(-8) - (-2)/y. Let w = -37 + 53. What is the highest common factor of o and w?
16
Let v(u) = -46*u**3 - u**2 - u + 1. Let g be v(1). Let r = g + 67. Calculate the highest common divisor of r and 160.
20
Let b(h) = 2*h**2 - h + 5. Let x be b(7). Calculate the highest common factor of x and 12.
12
Let l(v) = -3*v**3 - 2*v**2 + 3*v + 4. Let y be l(-2). Let q = 26 - y. What is the greatest common divisor of 48 and q?
12
Let g(n) = -2*n + 59. Let l be g(22). What is the greatest common factor of 15 and l?
15
Let m be (-6 - -4)*2/(-2). Let r = m - 0. Let b(w) = w + 1. Let s be b(1). What is the greatest common divisor of s and r?
2
Let v = 20 + 35. Suppose 91 = 4*c + i, 3*c - i + 6*i - 81 = 0. What is the greatest common divisor of v and c?
11
Suppose -5*d - 27 + 2 = 0, 3*g - 9 = -3*d. Suppose -4 - 5 = m. Let z = m - -33. What is the greatest common factor of z and g?
8
Let r = 4 - 2. What is the greatest common factor of r and 3?
1
Suppose 0 = 3*k - 63 + 30. Calculate the highest common divisor of 11 and k.
11
Let q(o) = -52*o + 4. Let k be q(-2). Calculate the greatest common factor of k and 12.
12
Suppose -144 = -0*i - i. Calculate the highest common factor of 24 and i.
24
Let t = -5 - -3. Let s be (-117)/(-1*t/(-2)). Suppose 0 = -m - m + 26. What is the greatest common factor of m and s?
13
Let k = -87 - -30. Let m = -36 - k. Calculate the highest common divisor of 3 and m.
3
Let d be 6/21 + (-15)/(-21). Let i be 41 + (-3 - -5) + d. Calculate the greatest common factor of i and 4.
4
Let n = 73 - 49. Let j(f) be the first derivative of 5*f**2/2 - 2*f - 1. Let s be j(2). Calculate the highest common factor of s and n.
8
Let n = -70 + 320. What is the highest common factor of n and 25?
25
Let u(c) = 14*c - 3*c + 3 - 24*c**2 + 23*c**2. Let s be u(5). What is the greatest common factor of s and 11?
11
Let c be 3/5 - (1 - 108/20). What is the highest common factor of 2 and c?
1
Let r be (-1263)/(-9) - (-2)/3. Suppose -3*g - r = -6*g. Suppose -4*w + 1 = -g. Calculate the highest common divisor of w and 36.
12
Let n be -1*3*(0 + 1). Let t be n/3*(-1)/1. Suppose 0 = -q + t + 10. What is the greatest common divisor of q and 22?
11
Suppose 6*j = j + 35. Let x = 2 - j. Let c be x*(-19 - -2 - -3). Calculate the greatest common factor of c and 10.
10
Let d be (-1225)/(-21) - 2/((-12)/(-2)). What is the greatest common divisor of 145 and d?
29
Let p be (2/4)/((-7)/84). Let s(v) = v**2 + 4*v - 6. Let n be s(p). What is the highest common divisor of 30 and n?
6
Let a = 202 - 201. Calculate the highest common factor of 2 and a.
1
Let k(b) = -b - 5. Let u be k(-8). Let l be (-43)/(-3 - (1 - u)). Suppose 77 = 3*z - l. Calculate the highest common factor of 8 and z.
8
Let g be 27 + 7/(14/6). Calculate the greatest common divisor of 75 and g.
15
L